 the prime factors of 327551?
7, 73, 641
What are the prime factors of 522738?
2, 3, 113, 257
List the prime factors of 1772569.
1772569
List the prime factors of 10758185.
5, 2151637
List the prime factors of 177761.
177761
List the prime factors of 57410.
2, 5, 5741
List the prime factors of 130591.
43, 3037
List the prime factors of 54249.
3, 13, 107
What are the prime factors of 352858?
2, 11, 43, 373
List the prime factors of 5914921.
5914921
What are the prime factors of 144483?
3, 17, 2833
What are the prime factors of 233512?
2, 17, 101
List the prime factors of 9340698.
2, 3, 283, 5501
List the prime factors of 1079907.
3, 179, 2011
What are the prime factors of 1912674?
2, 3, 191, 1669
What are the prime factors of 7714850?
2, 5, 11, 13, 83
List the prime factors of 370886.
2, 41, 4523
What are the prime factors of 27119?
47, 577
List the prime factors of 467166.
2, 3, 7, 227
List the prime factors of 1447053.
3, 482351
List the prime factors of 807763.
11, 73433
What are the prime factors of 165179?
7, 3371
List the prime factors of 2233448.
2, 7, 39883
What are the prime factors of 4863524?
2, 1215881
What are the prime factors of 13548920?
2, 5, 7, 11, 53, 83
What are the prime factors of 15429103?
31, 127, 3919
What are the prime factors of 1169513?
1169513
What are the prime factors of 20126878?
2, 17, 509, 1163
List the prime factors of 3530542.
2, 19, 53, 1753
What are the prime factors of 6063619?
6063619
List the prime factors of 3100320.
2, 3, 5, 2153
List the prime factors of 548579.
548579
What are the prime factors of 5245521?
3, 79, 22133
List the prime factors of 125755.
5, 7, 3593
List the prime factors of 149420.
2, 5, 31, 241
List the prime factors of 13283914.
2, 7, 29, 32719
List the prime factors of 130589.
130589
List the prime factors of 1482442.
2, 13, 23, 37, 67
List the prime factors of 1359331.
1151, 1181
List the prime factors of 6109775.
5, 7, 34913
What are the prime factors of 137605?
5, 13, 29, 73
What are the prime factors of 2821670?
2, 5, 282167
List the prime factors of 53526.
2, 3, 11, 811
What are the prime factors of 355825?
5, 43, 331
What are the prime factors of 703052?
2, 7, 17, 211
List the prime factors of 12535800.
2, 3, 5, 17, 1229
List the prime factors of 836026.
2, 17, 67, 367
List the prime factors of 587645.
5, 117529
What are the prime factors of 4531136?
2, 83, 853
List the prime factors of 15890486.
2, 7945243
List the prime factors of 304368.
2, 3, 17, 373
List the prime factors of 12083126.
2, 11, 19, 137, 211
What are the prime factors of 281104?
2, 17569
What are the prime factors of 321898?
2, 19, 43, 197
What are the prime factors of 1977211?
31, 63781
What are the prime factors of 7094054?
2, 11, 43, 7499
What are the prime factors of 10629956?
2, 23, 227, 509
List the prime factors of 43841.
7, 6263
List the prime factors of 18833406.
2, 3, 157, 19993
List the prime factors of 12261272.
2, 1532659
List the prime factors of 48930.
2, 3, 5, 7, 233
List the prime factors of 335579.
335579
What are the prime factors of 3980913?
3, 1326971
What are the prime factors of 1399621?
1399621
List the prime factors of 1057164.
2, 3, 37, 2381
List the prime factors of 3491796.
2, 3, 7, 11, 3779
List the prime factors of 168916.
2, 11, 349
What are the prime factors of 3092198?
2, 17, 90947
List the prime factors of 2532028.
2, 173, 3659
What are the prime factors of 11440070?
2, 5, 1144007
List the prime factors of 159822.
2, 3, 13, 683
List the prime factors of 26771.
19, 1409
What are the prime factors of 1174885?
5, 234977
List the prime factors of 162047.
131, 1237
List the prime factors of 7659895.
5, 811, 1889
List the prime factors of 276269.
7, 61, 647
List the prime factors of 737014.
2, 368507
List the prime factors of 971319.
3, 199, 1627
List the prime factors of 1034355.
3, 5, 7, 9851
What are the prime factors of 909258?
2, 3, 7, 21649
What are the prime factors of 518612?
2, 317, 409
What are the prime factors of 199866?
2, 3, 33311
List the prime factors of 166011.
3, 55337
What are the prime factors of 474261?
3, 113, 1399
List the prime factors of 10473041.
10473041
List the prime factors of 545349.
3, 7, 25969
List the prime factors of 101606.
2, 101, 503
What are the prime factors of 206377?
47, 4391
What are the prime factors of 17786590?
2, 5, 17, 23, 4549
List the prime factors of 223626.
2, 3, 13, 47, 61
List the prime factors of 5054279.
67, 75437
List the prime factors of 92825.
5, 47, 79
What are the prime factors of 9817537?
9817537
List the prime factors of 14255987.
41, 347707
What are the prime factors of 39342542?
2, 431, 45641
List the prime factors of 2504291.
2504291
What are the prime factors of 384641?
384641
What are the prime factors of 8090385?
3, 5, 17, 31727
List the prime factors of 30151971.
3, 3350219
What are the prime factors of 16029655?
5, 1069, 2999
List the prime factors of 434609.
7, 47, 1321
List the prime factors of 38722439.
7, 5531777
What are the prime factors of 12108302?
2, 709, 8539
List the prime factors of 19774325.
5, 379, 2087
List the prime factors of 8066191.
7, 1152313
What are the prime factors of 18840446?
2, 9420223
List the prime factors of 6616727.
13, 29, 17551
List the prime factors of 2526644.
2, 241, 2621
What are the prime factors of 4502751?
3, 11, 136447
What are the prime factors of 944904?
2, 3, 39371
List the prime factors of 717742.
2, 383, 937
What are the prime factors of 3599731?
1559, 2309
List the prime factors of 8834814.
2, 3, 31, 71, 223
What are the prime factors of 5128792?
2, 37, 17327
List the prime factors of 648028.
2, 162007
What are the prime factors of 12869?
17, 757
What are the prime factors of 2060663?
11, 31, 6043
List the prime factors of 52095.
3, 5, 23, 151
List the prime factors of 309890.
2, 5, 7, 19, 233
What are the prime factors of 96248?
2, 53, 227
List the prime factors of 2317824.
2, 3, 503
List the prime factors of 25284865.
5, 17, 297469
What are the prime factors of 40391?
13, 239
What are the prime factors of 69751?
11, 17, 373
What are the prime factors of 88987?
23, 53, 73
List the prime factors of 8937624.
2, 3, 372401
What are the prime factors of 392750?
2, 5, 1571
What are the prime factors of 1344116?
2, 336029
What are the prime factors of 441512?
2, 229, 241
List the prime factors of 11438178.
2, 3, 17, 112139
List the prime factors of 1990063.
103, 139
What are the prime factors of 22642853?
37, 611969
What are the prime factors of 17300051?
19, 73, 12473
List the prime factors of 146804.
2, 7, 107
What are the prime factors of 212836?
2, 13, 4093
List the prime factors of 248165.
5, 49633
List the prime factors of 395619.
3, 7, 18839
List the prime factors of 4294945.
5, 858989
What are the prime factors of 4773417?
3, 11, 79, 1831
What are the prime factors of 2573386?
2, 1286693
What are the prime factors of 5922872?
2, 740359
What are the prime factors of 16147662?
2, 3, 2691277
What are the prime factors of 117845?
5, 7, 13, 37
List the prime factors of 179510.
2, 5, 29, 619
List the prime factors of 329544.
2, 3, 23, 199
List the prime factors of 31121987.
13, 1361, 1759
List the prime factors of 402537.
3, 109, 1231
List the prime factors of 3920706.
2, 3, 67, 3251
List the prime factors of 25715057.
409, 62873
What are the prime factors of 283963?
443, 641
What are the prime factors of 45277?
19, 2383
List the prime factors of 15778677.
3, 337, 15607
List the prime factors of 3028146.
2, 3, 11, 43, 97
List the prime factors of 1229401.
1229401
List the prime factors of 444219.
3, 148073
What are the prime factors of 23459147?
37, 634031
List the prime factors of 8909719.
7, 13, 71, 197
List the prime factors of 4256140.
2, 5, 7, 43, 101
What are the prime factors of 1535397?
3, 577, 887
What are the prime factors of 31869312?
2, 3, 149, 557
What are the prime factors of 11389057?
11389057
List the prime factors of 83092.
2, 20773
What are the prime factors of 210115?
5, 42023
What are the prime factors of 2670875?
5, 23, 929
What are the prime factors of 1020394?
2, 29, 73, 241
List the prime factors of 1850109.
3, 616703
List the prime factors of 94227.
3, 7, 641
What are the prime factors of 70140?
2, 3, 5, 7, 167
What are the prime factors of